{"id":444,"date":"2016-01-16T13:34:51","date_gmt":"2016-01-16T12:34:51","guid":{"rendered":"http:\/\/localhost\/wordpress\/?page_id=444"},"modified":"2025-06-11T03:13:04","modified_gmt":"2025-06-11T01:13:04","slug":"buch-violin-scales-exercises","status":"publish","type":"page","link":"https:\/\/www.blacksparkmedia.de\/?page_id=444","title":{"rendered":"Buchreihe Violin Scales &#038; Exercises"},"content":{"rendered":"<h2 class=\"has-text-align-left\">Scales &amp; Exercises<br \/>\nfor the Talented Violinist<\/h1>\n<h3 class=\"has-text-align-left\">M. Sonnen<\/h3>\n<p class=\"has-text-align-left\">Tonleiter- und Arpeggio-\u00dcbungen durch alle Tonarten mit Fingers\u00e4tzen f\u00fcr Violine, vorbereitend und begleitend f\u00fcr das Hochschulstudium; mit Vorwort und kurzer Biografie des Autors auf Englisch, Deutsch, Franz\u00f6sisch, Spanisch, Portugiesisch, Japanisch und Chinesisch<\/p>\n<h2 class=\"abstand_oben\">Vol. 1<\/h2>\n<p class=\"has-text-align-left\">Level 1, 1.\u20133. Lage<\/p>\n<p class=\"has-text-align-left\"><span style=\"color: yellow;\">Restexemplare<\/p>\n<div class=\"flex\" style=\"text-align: left;\"><a href=\"\/wp-content\/uploads\/2025\/06\/Sonnen-Scales-Exercises-Vol-1-1200px.png\"><img decoding=\"async\" class=\"alignnone\" src=\"\/wp-content\/uploads\/2025\/06\/Sonnen-Scales-Exercises-Vol-1-1200px.png\" alt=\"Violin Exercises Vol 1 xp\" style=\"width:388px;height:546px\"\/><\/a><\/p>\n<div class=\"blogmeta_products abstand_links beschreibung\">\n<ul>\n<li>Bestellnr.: BSM-N03<\/li>\n<li>ISBN: 978-3-945186-02-2<\/li>\n<li>V\u00d6: Februar 2014<\/li>\n<li>40 Seiten A4, geheftet; Softcover Hochglanz<\/li>\n<\/ul>\n<ul class=\"abstand_button_oben\">\n<div class=\"wp-block-button\"><a class=\"wp-block-button__link wp-element-button\" href=\"\/wp-content\/uploads\/2016\/02\/Violin-Exercises-Vol-1-Leseprobe.pdf\">Leseprobe <\/a><\/div>\n<\/p>\n<div class=\"wp-block-button\"><a class=\"wp-block-button__link wp-element-button\" href=\"\/?page_id=1202\" target=\"_blank\" rel=\"noreferrer noopener\">Noten 18,90 \u20ac kaufen<\/a><\/div>\n<\/ul>\n<\/div>\n<h2 class=\"abstand_oben\">Vol. 2<\/h2>\n<p class=\"has-text-align-left\">Level 2, 3.\u20137. Lage<\/p>\n<p class=\"has-text-align-left\"><span style=\"color: red;\">Neuausgabe in Vorbereitung<\/p>\n<div class=\"flex\" style=\"text-align: left;\"><a href=\"\/wp-content\/uploads\/2025\/06\/Sonnen-Scales-Exercises-Vol-2-1200px.png\"><img decoding=\"async\" class=\"alignnone\" src=\"\/wp-content\/uploads\/2025\/06\/Sonnen-Scales-Exercises-Vol-2-1200px.png\" alt=\"Violin Exercises Vol 2 xp\" style=\"width:388px;height:546px\"\/><\/a><\/p>\n<div class=\"blogmeta_products abstand_links beschreibung\">\n<ul>\n<li>Bestellnr.: BSM-N04<\/li>\n<li>ISBN: 978-3-945186-03-9<\/li>\n<li>Erst-V\u00d6: Februar 2015<\/li>\n<li>40 Seiten A4, gebunden; Softcover<\/li>\n<\/ul>\n<ul class=\"abstand_button_oben\">\n<div class=\"wp-block-button\"><a class=\"wp-block-button__link wp-element-button\" href=\"\/wp-content\/uploads\/2025\/06\/Leseprobe-Dummy.pdf\">Leseprobe <\/a><\/div>\n<\/p>\n<div class=\"wp-block-button\"><a class=\"wp-block-button__link wp-element-button\" href=\"\/?page_id=1202\" target=\"_blank\" rel=\"noreferrer noopener\">Noten 19,80 \u20ac vorbestellen<\/a><\/div>\n<\/ul>\n<\/div>\n<h2 class=\"abstand_oben\">Vol. 3<\/h2>\n<p class=\"has-text-align-left\">Level 3, Tonleitern und Arpeggios \u00fcber 3 Oktaven<\/p>\n<p class=\"has-text-align-left\"><span style=\"color: red;\">Neuausgabe in Vorbereitung<\/p>\n<div class=\"flex\" style=\"text-align: left;\"><a href=\"\/wp-content\/uploads\/2025\/06\/Sonnen-Scales-Exercises-Vol-3-1200px.png\"><img decoding=\"async\" class=\"alignnone\" src=\"\/wp-content\/uploads\/2025\/06\/Sonnen-Scales-Exercises-Vol-3-1200px.png\" alt=\"Violin Exercises Vol 3 xp\" style=\"width:388px;height:546px\"\/><\/a><\/p>\n<div class=\"blogmeta_products abstand_links beschreibung\">\n<ul>\n<li>Bestellnr.: BSM-N05<\/li>\n<li>ISBN: 978-3-945186-04-6<\/li>\n<li>Erst-V\u00d6: Juni 2016<\/li>\n<li>40 Seiten A4, gebunden; Softcover<\/li>\n<\/ul>\n<\/ul>\n<ul class=\"abstand_button_oben\">\n<div class=\"wp-block-button\"><a class=\"wp-block-button__link wp-element-button\" href=\"\/wp-content\/uploads\/2025\/06\/Leseprobe-Dummy.pdf\">Leseprobe <\/a><\/div>\n<\/p>\n<div class=\"wp-block-button\"><a class=\"wp-block-button__link wp-element-button\" href=\"\/?page_id=1202\" target=\"_blank\" rel=\"noreferrer noopener\">Noten 24,80 \u20ac vorbestellen<\/a><\/div>\n<\/ul>\n<\/div>\n","protected":false},"excerpt":{"rendered":"<p>Scales &amp; Exercises for the Talented Violinist M. Sonnen Tonleiter- und Arpeggio-\u00dcbungen durch alle Tonarten mit Fingers\u00e4tzen f\u00fcr Violine, vorbereitend und begleitend f\u00fcr das Hochschulstudium; mit Vorwort und kurzer Biografie des Autors auf Englisch, Deutsch, Franz\u00f6sisch, Spanisch, Portugiesisch, Japanisch und Chinesisch Vol. 1 Level 1, 1.\u20133. Lage Restexemplare Bestellnr.: BSM-N03 ISBN: 978-3-945186-02-2 V\u00d6: Februar 2014 &hellip; <a href=\"https:\/\/www.blacksparkmedia.de\/?page_id=444\" class=\"more-link\"><span class=\"screen-reader-text\">Buchreihe Violin Scales &#038; Exercises<\/span> weiterlesen<\/a><\/p>\n","protected":false},"author":1,"featured_media":0,"parent":0,"menu_order":0,"comment_status":"closed","ping_status":"closed","template":"","meta":{"footnotes":""},"class_list":["post-444","page","type-page","status-publish","hentry"],"_links":{"self":[{"href":"https:\/\/www.blacksparkmedia.de\/index.php?rest_route=\/wp\/v2\/pages\/444","targetHints":{"allow":["GET"]}}],"collection":[{"href":"https:\/\/www.blacksparkmedia.de\/index.php?rest_route=\/wp\/v2\/pages"}],"about":[{"href":"https:\/\/www.blacksparkmedia.de\/index.php?rest_route=\/wp\/v2\/types\/page"}],"author":[{"embeddable":true,"href":"https:\/\/www.blacksparkmedia.de\/index.php?rest_route=\/wp\/v2\/users\/1"}],"replies":[{"embeddable":true,"href":"https:\/\/www.blacksparkmedia.de\/index.php?rest_route=%2Fwp%2Fv2%2Fcomments&post=444"}],"version-history":[{"count":114,"href":"https:\/\/www.blacksparkmedia.de\/index.php?rest_route=\/wp\/v2\/pages\/444\/revisions"}],"predecessor-version":[{"id":2095,"href":"https:\/\/www.blacksparkmedia.de\/index.php?rest_route=\/wp\/v2\/pages\/444\/revisions\/2095"}],"wp:attachment":[{"href":"https:\/\/www.blacksparkmedia.de\/index.php?rest_route=%2Fwp%2Fv2%2Fmedia&parent=444"}],"curies":[{"name":"wp","href":"https:\/\/api.w.org\/{rel}","templated":true}]}}