{"id":320,"date":"2015-12-29T23:07:50","date_gmt":"2015-12-29T22:07:50","guid":{"rendered":"http:\/\/localhost\/wordpress\/?page_id=320"},"modified":"2026-04-09T15:26:10","modified_gmt":"2026-04-09T13:26:10","slug":"haendler","status":"publish","type":"page","link":"https:\/\/www.blacksparkmedia.de\/?page_id=320","title":{"rendered":"H\u00e4ndler"},"content":{"rendered":"<h2 class=\"wp-block-heading\">Informationen f\u00fcr H\u00e4ndler<\/h2>\n<div style=\"height:18px\" aria-hidden=\"true\" class=\"wp-block-spacer\"><\/div>\n<p class=\"has-text-align-left\">Der Versand an H\u00e4ndler erfolgt auf Rechnung, zahlbar innerhalb von 14 Kalendertagen. Bitte geben Sie bei der Bestellung die Internetadresse (Webseite) Ihres Unternehmens an. Die Rechnungsstellung erfolgt gem\u00e4\u00df \u00a719 UStG ohne Ausweis der Umsatzsteuer. <\/p>\n<p class=\"has-text-align-left\">Die angegebenen Preise sind Brutto-Endverbraucherpreise \u2013 bei B\u00fcchern und Noten der gebundene Ladenpreis. Die H\u00f6he des H\u00e4ndlerrabatts wird Ihnen mit der Bestellbest\u00e4tigung mitgeteilt, kann aber auch vor der Bestellung erfragt werden. <\/p>\n<p class=\"has-text-align-left\">Die Kosten f\u00fcr Verpackung und Versand richten sich nach der Bestellmenge (ab 3,00 \u20ac innerhalb Deutschlands). Bestellungen \u00fcber 50,00 \u20ac Warenwert sind innerhalb Deutschlands versandkostenfrei. Der Versand erfolgt bei kleinen Bestellmengen entsprechend per Gro\u00dfbrief oder Maxibrief der Deutschen Post, ansonsten per DHL (P\u00e4ckchen oder Paket). Bitte kalkulieren Sie bei gr\u00f6\u00dferen Bestellmengen ab 10 Exemplaren pro Titel eine Lieferzeit von ca. 2 Wochen ein.<\/p>\n<p class=\"has-text-align-left\">F\u00fcr Ihre Anfrage klicken Sie bitte\u00a0<a href=\"\/?page_id=1209\" target=\"_blank\" rel=\"noopener\">&gt;&gt;<em>hier<\/em><\/a>.<\/p>\n<p class=\"has-text-align-left\">F\u00fcr Ihre Bestellung klicken Sie bitte <a href=\"\/?page_id=1202\" target=\"_blank\" rel=\"noopener\">&gt;&gt;<em>hier<\/em><\/a>.<\/p>\n<p class=\"has-text-align-left\">Stand: Januar 2026<\/p>\n<div>\u00a0<\/div>\n","protected":false},"excerpt":{"rendered":"<p>Informationen f\u00fcr H\u00e4ndler Der Versand an H\u00e4ndler erfolgt auf Rechnung, zahlbar innerhalb von 14 Kalendertagen. Bitte geben Sie bei der Bestellung die Internetadresse (Webseite) Ihres Unternehmens an. Die Rechnungsstellung erfolgt gem\u00e4\u00df \u00a719 UStG ohne Ausweis der Umsatzsteuer. Die angegebenen Preise sind Brutto-Endverbraucherpreise \u2013 bei B\u00fcchern und Noten der gebundene Ladenpreis. Die H\u00f6he des H\u00e4ndlerrabatts wird &hellip; <a href=\"https:\/\/www.blacksparkmedia.de\/?page_id=320\" class=\"more-link\"><span class=\"screen-reader-text\">H\u00e4ndler<\/span> weiterlesen<\/a><\/p>\n","protected":false},"author":1,"featured_media":0,"parent":0,"menu_order":0,"comment_status":"closed","ping_status":"closed","template":"","meta":{"footnotes":""},"class_list":["post-320","page","type-page","status-publish","hentry"],"_links":{"self":[{"href":"https:\/\/www.blacksparkmedia.de\/index.php?rest_route=\/wp\/v2\/pages\/320","targetHints":{"allow":["GET"]}}],"collection":[{"href":"https:\/\/www.blacksparkmedia.de\/index.php?rest_route=\/wp\/v2\/pages"}],"about":[{"href":"https:\/\/www.blacksparkmedia.de\/index.php?rest_route=\/wp\/v2\/types\/page"}],"author":[{"embeddable":true,"href":"https:\/\/www.blacksparkmedia.de\/index.php?rest_route=\/wp\/v2\/users\/1"}],"replies":[{"embeddable":true,"href":"https:\/\/www.blacksparkmedia.de\/index.php?rest_route=%2Fwp%2Fv2%2Fcomments&post=320"}],"version-history":[{"count":34,"href":"https:\/\/www.blacksparkmedia.de\/index.php?rest_route=\/wp\/v2\/pages\/320\/revisions"}],"predecessor-version":[{"id":2148,"href":"https:\/\/www.blacksparkmedia.de\/index.php?rest_route=\/wp\/v2\/pages\/320\/revisions\/2148"}],"wp:attachment":[{"href":"https:\/\/www.blacksparkmedia.de\/index.php?rest_route=%2Fwp%2Fv2%2Fmedia&parent=320"}],"curies":[{"name":"wp","href":"https:\/\/api.w.org\/{rel}","templated":true}]}}