{"id":290,"date":"2015-12-28T16:52:11","date_gmt":"2015-12-28T16:52:11","guid":{"rendered":""},"modified":"2025-06-07T01:51:46","modified_gmt":"2025-06-06T23:51:46","slug":"impressum","status":"publish","type":"page","link":"https:\/\/www.blacksparkmedia.de\/?page_id=290","title":{"rendered":"Impressum"},"content":{"rendered":"<h2 class=\"wp-block-heading\">Impressum<\/h2>\n<div class=\"wp-block-spacer\" style=\"height: 18px;\" aria-hidden=\"true\"><\/div>\n<p class=\"has-text-align-left\">\nInhaltlich verantwortlich gem\u00e4\u00df \u00a7 10 MDStV:<br \/>Mario Lange<br \/>Johannisstra\u00dfe 17 B<br \/>D-66111 Saarbr\u00fccken<br \/>Tel. +49 178 1384304<br \/>Mail: info@blacksparkmedia.de<\/p>\n<p class=\"has-text-align-left\">Technische Umsetzung:\u00a0Fabian Honnef, Thomas Fettig<\/p>\n<div class=\"wp-block-spacer\" style=\"height: 18px;\" aria-hidden=\"true\"><\/div>\n<p class=\"has-text-align-left\"><strong>Haftungshinweis<\/strong><\/p>\n<p class=\"has-text-align-left\">Trotz sorgf\u00e4ltiger inhaltlicher Kontrolle \u00fcbernimmt der Verlag keine Haftung f\u00fcr die Inhalte externer Links. F\u00fcr den Inhalt der verlinkten Seiten sind ausschlie\u00dflich deren Betreiber verantwortlich.<\/p>\n<div class=\"wp-block-spacer\" style=\"height: 18px;\" aria-hidden=\"true\"><\/div>\n<p class=\"has-text-align-left\"><strong>Urheberrecht<\/strong><\/p>\n<p class=\"has-text-align-left\">Alle Inhalte dieser Webseite sind urheberrechtlich gesch\u00fctzt.<br \/>Downloads von Inhalten dieser Webseite zur Weiterbearbeitung und kommerziellen Nutzung ohne Genehmigung des Verlages sind ausdr\u00fccklich untersagt.<\/p>\n","protected":false},"excerpt":{"rendered":"<p>Impressum Inhaltlich verantwortlich gem\u00e4\u00df \u00a7 10 MDStV:Mario LangeJohannisstra\u00dfe 17 BD-66111 Saarbr\u00fcckenTel. +49 178 1384304Mail: info@blacksparkmedia.de Technische Umsetzung:\u00a0Fabian Honnef, Thomas Fettig Haftungshinweis Trotz sorgf\u00e4ltiger inhaltlicher Kontrolle \u00fcbernimmt der Verlag keine Haftung f\u00fcr die Inhalte externer Links. F\u00fcr den Inhalt der verlinkten Seiten sind ausschlie\u00dflich deren Betreiber verantwortlich. Urheberrecht Alle Inhalte dieser Webseite sind urheberrechtlich gesch\u00fctzt.Downloads von &hellip; <a href=\"https:\/\/www.blacksparkmedia.de\/?page_id=290\" class=\"more-link\"><span class=\"screen-reader-text\">Impressum<\/span> weiterlesen<\/a><\/p>\n","protected":false},"author":1,"featured_media":0,"parent":0,"menu_order":0,"comment_status":"closed","ping_status":"closed","template":"","meta":{"footnotes":""},"class_list":["post-290","page","type-page","status-publish","hentry"],"_links":{"self":[{"href":"https:\/\/www.blacksparkmedia.de\/index.php?rest_route=\/wp\/v2\/pages\/290","targetHints":{"allow":["GET"]}}],"collection":[{"href":"https:\/\/www.blacksparkmedia.de\/index.php?rest_route=\/wp\/v2\/pages"}],"about":[{"href":"https:\/\/www.blacksparkmedia.de\/index.php?rest_route=\/wp\/v2\/types\/page"}],"author":[{"embeddable":true,"href":"https:\/\/www.blacksparkmedia.de\/index.php?rest_route=\/wp\/v2\/users\/1"}],"replies":[{"embeddable":true,"href":"https:\/\/www.blacksparkmedia.de\/index.php?rest_route=%2Fwp%2Fv2%2Fcomments&post=290"}],"version-history":[{"count":27,"href":"https:\/\/www.blacksparkmedia.de\/index.php?rest_route=\/wp\/v2\/pages\/290\/revisions"}],"predecessor-version":[{"id":1930,"href":"https:\/\/www.blacksparkmedia.de\/index.php?rest_route=\/wp\/v2\/pages\/290\/revisions\/1930"}],"wp:attachment":[{"href":"https:\/\/www.blacksparkmedia.de\/index.php?rest_route=%2Fwp%2Fv2%2Fmedia&parent=290"}],"curies":[{"name":"wp","href":"https:\/\/api.w.org\/{rel}","templated":true}]}}