{"id":1097,"date":"2024-11-27T22:39:14","date_gmt":"2024-11-27T21:39:14","guid":{"rendered":"http:\/\/www.blacksparkmedia.de\/?page_id=1097"},"modified":"2026-04-09T15:45:15","modified_gmt":"2026-04-09T13:45:15","slug":"privatkunden","status":"publish","type":"page","link":"https:\/\/www.blacksparkmedia.de\/?page_id=1097","title":{"rendered":"Privatkunden"},"content":{"rendered":"<h2 class=\"wp-block-heading\">Informationen f\u00fcr Privatkunden<\/h2>\n<div style=\"height:18px\" aria-hidden=\"true\" class=\"wp-block-spacer\"><\/div>\n\n<p class=\"has-text-align-left\">Der Versand an Privatkunden erfolgt ausschlie\u00dflich gegen Vorkasse per \u00dcberweisung.<\/p>\n<!-- \/wp:post-content -->\n\n<!-- wp:paragraph -->\n<p class=\"has-text-align-left\">Die Kontoinformationen werden Ihnen auf der Rechnung mitgeteilt, die Ihnen zusammen mit der Bestellbest\u00e4tigung per E-Mail zugeht. Der Versand Ihrer Bestellung erfolgt sofort nach Zahlungseingang.<\/p>\n<!-- \/wp:paragraph -->\n\n<!-- wp:paragraph -->\n<p class=\"has-text-align-left\">Die Kosten f\u00fcr Verpackung und Versand richten sich nach der Bestellmenge (ab 3,00 \u20ac innerhalb Deutschlands). Bestellungen \u00fcber 50,00 \u20ac sind innerhalb Deutschlands versandkostenfrei.<\/p>\n<!-- \/wp:paragraph -->\n\n<!-- wp:paragraph -->\n<p class=\"has-text-align-left\">Der Versand erfolgt bei kleinen Bestellmengen entsprechend per Gro\u00dfbrief oder Maxibrief der Deutschen Post, ansonsten per DHL (P\u00e4ckchen oder Paket).<\/p>\n<!-- \/wp:paragraph -->\n\n<!-- wp:paragraph -->\n<p class=\"has-text-align-left\">F\u00fcr Ihre Bestellung klicken Sie bitte <a href=\"\/?page_id=1202\" target=\"_blank\" \nrel=\"noreferrer noopener\">&gt;&gt;<em>hier<\/em><\/a>.<\/p>\n<div style=\"height:18px\" aria-hidden=\"true\" class=\"wp-block-spacer\"><\/div>","protected":false},"excerpt":{"rendered":"<p>Informationen f\u00fcr Privatkunden Der Versand an Privatkunden erfolgt ausschlie\u00dflich gegen Vorkasse per \u00dcberweisung. Die Kontoinformationen werden Ihnen auf der Rechnung mitgeteilt, die Ihnen zusammen mit der Bestellbest\u00e4tigung per E-Mail zugeht. Der Versand Ihrer Bestellung erfolgt sofort nach Zahlungseingang. Die Kosten f\u00fcr Verpackung und Versand richten sich nach der Bestellmenge (ab 3,00 \u20ac innerhalb Deutschlands). Bestellungen &hellip; <a href=\"https:\/\/www.blacksparkmedia.de\/?page_id=1097\" class=\"more-link\"><span class=\"screen-reader-text\">Privatkunden<\/span> weiterlesen<\/a><\/p>\n","protected":false},"author":2,"featured_media":0,"parent":0,"menu_order":0,"comment_status":"closed","ping_status":"closed","template":"","meta":{"footnotes":""},"class_list":["post-1097","page","type-page","status-publish","hentry"],"_links":{"self":[{"href":"https:\/\/www.blacksparkmedia.de\/index.php?rest_route=\/wp\/v2\/pages\/1097","targetHints":{"allow":["GET"]}}],"collection":[{"href":"https:\/\/www.blacksparkmedia.de\/index.php?rest_route=\/wp\/v2\/pages"}],"about":[{"href":"https:\/\/www.blacksparkmedia.de\/index.php?rest_route=\/wp\/v2\/types\/page"}],"author":[{"embeddable":true,"href":"https:\/\/www.blacksparkmedia.de\/index.php?rest_route=\/wp\/v2\/users\/2"}],"replies":[{"embeddable":true,"href":"https:\/\/www.blacksparkmedia.de\/index.php?rest_route=%2Fwp%2Fv2%2Fcomments&post=1097"}],"version-history":[{"count":22,"href":"https:\/\/www.blacksparkmedia.de\/index.php?rest_route=\/wp\/v2\/pages\/1097\/revisions"}],"predecessor-version":[{"id":2155,"href":"https:\/\/www.blacksparkmedia.de\/index.php?rest_route=\/wp\/v2\/pages\/1097\/revisions\/2155"}],"wp:attachment":[{"href":"https:\/\/www.blacksparkmedia.de\/index.php?rest_route=%2Fwp%2Fv2%2Fmedia&parent=1097"}],"curies":[{"name":"wp","href":"https:\/\/api.w.org\/{rel}","templated":true}]}}